 number?
True
Let a be 1389/6 + (-1)/2. Suppose g + a = 4*g. Is g a composite number?
True
Suppose 2*o + 1 = -3. Let q be ((-9)/(-6))/(9/48). Is o*(-2)/q*68 a composite number?
True
Suppose -3*d + 1 + 8 = 0. Suppose -2*n + 275 = d*n. Is n a composite number?
True
Suppose 479 = -82*a + 83*a. Is a a composite number?
False
Let k(w) = 35*w - 1. Let u be k(6). Suppose -5*n + u = -6. Is n a prime number?
True
Let f be (-1)/2*2*-128. Suppose -2*z + n = -3, -3*z + 2*n = 6*n - 10. Suppose -j = -4*d - z*j + f, -3*j - 19 = -d. Is d a prime number?
True
Let l(m) = m**3 + 8*m**2 + 3*m + 3. Suppose 3*q - 2*a + 13 = 0, -4*a + 8 = -6*a. Is l(q) composite?
False
Suppose -7031 = -4*w + o - 2117, -4 = -2*o. Is w a prime number?
True
Suppose 4*u = -4*z - 13 + 1, 5*u = -z + 5. Suppose 4*d - 13 = x + 2*x, 3*d - 10 = u*x. Suppose -d*n = -3*n - 37. Is n prime?
True
Suppose 283 + 5831 = 6*n. Is n a composite number?
False
Let m(o) = 57*o - 8. Is m(3) a prime number?
True
Let m be 226/7 - (-16)/(-56). Let g = -7 + m. Is g a composite number?
True
Let n(v) = -11*v + 2*v**3 - 3*v - 5 + 5*v - v**3 + 9*v**2. Let b be n(-9). Let c = b - 39. Is c prime?
True
Let g(t) = t + 31. Is g(0) a composite number?
False
Let b = -8 + 10. Is (93/b)/((-6)/(-8)) a prime number?
False
Let r be (-6)/(-1) - -3 - 0. Let f(p) = p + 3. Let c be f(r). Is (-2)/(-4) + 702/c a composite number?
False
Suppose 4 = 4*m - 4*q, -3*q + 39 = 4*m - 0*q. Suppose m*t + 3*k = 4*t - 99, -2*k = t + 48. Let j = -28 - t. Is j a composite number?
True
Suppose 510 = 5*y - 115. Let d = y - 74. Is d a composite number?
True
Suppose 5*a + 3*t - 4*t = 5760, -3*a - 5*t = -3428. Is a a prime number?
True
Let j = 62 - 32. Let u be (-54)/j*10/(-3). Suppose -121 = -s + u. Is s a prime number?
True
Let f be (-1 - -2)/(3/753). Suppose -3*w + f = 5*u, -5*w + 471 - 82 = u. Is w a prime number?
False
Let z(d) = -d. Let r(u) = 3*u + 4. Let k(i) = -r(i) - 2*z(i). Let t be k(0). Is (2/3)/(t/(-78)) composite?
False
Let c be 0/(3*-1) - -7. Suppose 3*l - 2*i - 8 = -2, -l = i - c. Suppose 57 = -f + l*f. Is f a composite number?
False
Suppose 3 - 2 = l. Let x be (-661)/(-4) - l/4. Suppose 0 = -d - 4*d + x. Is d prime?
False
Suppose 14*p - 16906 + 1044 = 0. Is p prime?
False
Is 799 + -4 + 4 + 0/(-2) a prime number?
False
Let h(r) be the first derivative of 40*r**2 - r - 3. Suppose -2*s - 2*g = -0*s, 4*g = -s - 3. Is h(s) a prime number?
True
Suppose 4*n + 12 = 0, 515 + 21 = k + 5*n. Is k a composite number?
True
Let n = -504 - -795. Is n composite?
True
Let m(x) be the second derivative of -14*x**3 + 5*x**2/2 + x. Let h be m(-5). Suppose -3*t - 2*t = -h. Is t a prime number?
False
Suppose 0 = -4*l - l + 5. Is ((-3)/4)/(l/(-4)) prime?
True
Suppose 7*l - 4*l - 12 = 0. Let i = 27 + 48. Suppose 5*s + 405 = 5*b, 2*s = b + l*s - i. Is b a composite number?
False
Suppose -26*c = -28*c + 1294. Is c prime?
True
Let z(h) = h**2 - 2*h + 4. Suppose y + 4 = -3. Is z(y) a prime number?
True
Suppose 2*s = -6*c + c + 102, 2*s = 4*c - 96. Is c prime?
False
Let f(b) = 7*b**2 - b - 17. Let y(k) = -3*k**2 + k + 8. Let s(m) = -2*f(m) - 5*y(m). Suppose -2*r = -5*p - 13 + 3, -14 = 2*r + p. Is s(r) prime?
False
Let k = 15 - 10. Let v(u) = 6 + 21*u + k*u**2 - 24*u - u**3 + 2*u**3. Is v(-5) a prime number?
False
Let m = 551 + -42. Is m a prime number?
True
Let d(q) = -q + 7. Let y be d(-8). Let p = y - -50. Is p a composite number?
True
Suppose -5*u + 5*p + 45 = 0, 2*u - 2*p - 30 = -2*u. Is 578/4 - u/(-12) a composite number?
True
Let p(m) = 46*m + 11. Is p(8) a prime number?
True
Let q(n) = 69*n - 13. Let l be (66/55)/((-3)/(-25)). Is q(l) prime?
True
Let o be (-50)/((0 - -1)*-1). Let s = o - 24. Is s a prime number?
False
Is ((-538)/(-6))/(5/15) prime?
True
Suppose 13*p - 2552 = 11*p. Suppose 496 = 4*z - p. Is z composite?
False
Let m(c) = -c**3 - 8*c**2 - 8*c - 8. Let a be m(-7). Let v be a/(3/21*1). Is v/14*(-47 - -1) a composite number?
False
Let s(t) be the third derivative of t**5/60 + t**4/24 + 5*t**3/6 + 2*t**2. Is s(-10) a composite number?
True
Let q(h) = 6*h**2 + 6*h - 1. Suppose 20 = 2*u + 3*u. Is q(u) prime?
False
Is 1/(2 + (-1905)/955) composite?
False
Let d(i) = 25*i + 18. Is d(5) composite?
True
Let j(r) = 4*r**2 - 2*r - 1. Let p be j(-1). Is p/(-25) + (-1866)/(-5) prime?
True
Let j be 4/2 - (1 - 4). Suppose 3*i = j*s - 43, 3*s + s = 3*i + 32. Is s composite?
False
Suppose 3*m - 63 = -4*p, 4*m - 2*m = -4*p + 46. Suppose 7 = 2*n - 4*v - 7, -3*v + m = n. Is n composite?
False
Let k(d) = -295*d - 3. Is k(-2) prime?
True
Suppose -5*g + 3*n + 0*n = 0, g = 3*n. Suppose g = 2*k + 3*b - 0*b + 164, 0 = 5*b + 20. Let h = k - -267. Is h a composite number?
False
Is (-51 + -2)*(-3)/3*1 prime?
True
Suppose 0 = -4*f + 6 + 14. Suppose 4*l - p + 338 = 0, 3*l - f*p + p + 260 = 0. Let i = l - -253. Is i a composite number?
True
Let s(m) = 164*m**2 + 2*m - 1. Let q be s(1). Suppose -c = 4*c + q. Is c/2*6/(-9) a prime number?
True
Let t = -381 + 72. Let k = t + 470. Is k a composite number?
True
Let r(w) = -w**3 - 2*w**2 + 2*w + 1. Let v be r(-3). Suppose 3*k - 52 = v*k. Is (-9)/(-6)*k/(-6) composite?
False
Let d(k) = -1. Let o(r) = -6*r - 9. Suppose -5*f + 10 = v, -4 - 23 = -2*f - 5*v. Let x(a) = f*o(a) - 4*d(a). Is x(-4) prime?
True
Let l be 1/(-1 + 2) + -37. Let k = l + 26. Is 4/k - 597/(-5) prime?
False
Suppose 0 = -3*s - 9, -3*s = -2*l - l + 1806. Is l a prime number?
True
Suppose -825 = -5*l - 0*g + 5*g, 3*l + 3*g - 495 = 0. Suppose l + 190 = 5*d. Is d a composite number?
False
Suppose -1 = -5*d + 9. Suppose d*b + 24 = -b. Is b/(-28) + 962/14 prime?
False
Let q be 3/5 - (-6)/(-10). Suppose q*w = -5*w + 60. Let p = 1 + w. Is p prime?
True
Let i(f) be the third derivative of f**5/6 + f**4/3 + 4*f**3/3 - 3*f**2. Let w be i(-6). Let g = w + -97. Is g a prime number?
True
Suppose -5 = -4*b + 5*k, -4*k = -2*k - 6. Suppose -5*g - v = -8, -2*v - 1 = b*g - 4*v. Is ((-92)/(-8))/(g/2) a prime number?
True
Let n(f) = f**2 - f + 5. Let d be n(0). Suppose 4*v - 23 = -3*q, -d*v = 2*q + 3*q - 35. Let g = v - -13. Is g a composite number?
True
Suppose 8*l - 3*l - 3*w = -12, -4*l - w - 13 = 0. Let d = 28 + l. Is d a prime number?
False
Let f(v) = -v**2 - v + 2. Let c be f(0). Let o(k) = 3*k**2 + 2*k - 21. Let b be o(-13). Suppose 4*w + c*a = -0*a + b, 2*w = 4*a + 210. Is w prime?
True
Suppose 0 = q - 28 - 106. Is q a prime number?
False
Let o(k) = 58*k**2 + 6*k + 3. Let m(h) = h - 11. Let v be m(7). Is o(v) composite?
False
Let m be ((-3)/6)/(2/4). Is (m + (-6)/(-9))*-174 a composite number?
True
Suppose -297 = -3*l + l - 5*g, 5*g = -15. Let y(m) = 8*m**2 - 4*m - 3. Let s be y(-2). Let w = l - s. Is w prime?
False
Let b(p) = -3*p + 8. Let w be b(-6). Let k = w + -43. Let g = k - -26. Is g prime?
False
Let u = -4 + 2. Let m be 5/u + (-4)/8. Is (m*5)/(2 - 3) composite?
True
Let a(f) = 40*f**2 + 1. Is a(-4) composite?
False
Is 4*((-565)/(-4))/5 a prime number?
True
Let i be 60/(-35) - 2/7. Let t(n) = 2*n**2 - 4*n - 5. Is t(i) prime?
True
Let j(p) = 2*p**3 - 8*p**2 - 3*p - 13. Is j(10) a prime number?
False
Is (-66315)/(-105) - 4/7 a prime number?
True
Let t(r) = -29*r - 4. Let z be t(-3). Let a = 48 - z. Is (0 - a)/((-7)/(-7)) a prime number?
False
Let w be (3/(-2))/((-1)/2). Suppose -5*q + 14 = -4*q + 5*l, -2*l + 9 = -w*q. Is -6*(-1 + q + 1) prime?
False
Suppose i - 114 = 4*i. Let f = i - -153. Is f a prime number?
False
Let s = -6 + 6. Suppose 4*z - 1 - 23 = s. Is z composite?
True
Let i(x) = 34*x**3 - 2*x**2 + 1. Let s(q) = -q**2 + 4*q - 2. Let l be s(3). Let v be i(l). Suppose n - v = 2. Is n prime?
False
Let u(o) = -2*o - 2*o + 5*o**2 - 6*o - 7 - o**2. Is u(10) composite?
False
Suppose -3*j + 530 = 2*j. Is j prime?
False
Let v be 4/14 + (-19)/(-7). Suppose -v*c = -4*x - 26, -3*x - c - 13 = -0*c. Is 2/5 - 63/x prime?
True
Let d(k) = 38*k**2 + k. Is d(-1) composite?
False
Let v(f) = -2 + 1 - 3*f + 2*f + 9. Is v(-6) prime?
False
Suppose r - 5*w + 20 = 0, w + 12 = -4*r - 5. Let c = 0 + 12. Let p = c + r. Is p composite?
False
Suppose -125 = -m + 90. Let t = m - -44. Is t composite?
True
Suppose 0 = 5*i - 5 - 10. Suppose -i*d + 1 = r, 2*d = -d - 5*r - 19. Suppose d*m - m = 13. Is m composite?
False
Let r(q) = -23*q + 9 + 2 - 13. Is r(-9) prime?
False
Let w(m) = -36*m + 23. I